. Let m(j) = -12*j + 5. Let d be m(i). Suppose -3*k - 186 = -5*h, d = h + 2*k - 15. What is the highest common divisor of 9 and h?
9
Let a = 479 + -449. Let p be 39/(-4)*(-7 + 130/a). Calculate the greatest common divisor of 208 and p.
26
Let z(p) = -10*p - 103. Let a = -329 - -318. Let t be z(a). Suppose -h = 4*s - 108, -2 - 2 = h. Calculate the greatest common factor of t and s.
7
Suppose 210*k - 26659 = 13661. Calculate the greatest common factor of k and 3336.
24
Suppose 0 + 6 = 2*m. Let f be ((-300)/(-8))/(m/4). Suppose 100*d = -71*d + 10793 - 3953. What is the highest common factor of f and d?
10
Let r(v) = 27*v + 85 - 79*v**2 - 10*v + 161*v**2 - 80*v**2. Let j be r(-7). What is the greatest common factor of 704 and j?
64
Let x(l) = -25*l + 1566. Let g be x(6). What is the highest common divisor of 384 and g?
24
Let v = 706 - 396. Let i = 519 - v. Calculate the greatest common factor of 55 and i.
11
Let j(k) = -k**2 + 5*k + 210. Let r be j(-11). Suppose -4*o + r*o = 330. Calculate the greatest common factor of o and 352.
11
Suppose 4*y = 5*w - 20, 5*w - 2*y - 16 = -6. Suppose 3*p - 117 = -w*p. What is the highest common factor of 6 and p?
3
Let b = -187 - -178. Let w be (-458)/(-8) + b/36. Calculate the highest common divisor of 209 and w.
19
Let b = -1748 + 1786. Calculate the greatest common divisor of 3401 and b.
19
Suppose 18432 - 42588 = -20*x + 17144. What is the greatest common divisor of 15 and x?
5
Let y(g) = 4*g**2 + 20*g - 652. Let j be y(37). Calculate the greatest common divisor of 107 and j.
107
Let y be (-45)/(-6)*128/16. Let w be 1/(-12) + 665/y. What is the highest common divisor of w and 385?
11
Let u be 8/24 - (-35)/3. Suppose u = 3*h - 0*h. Let b(y) = 2*y**2 + 5*y - 8. Let c be b(h). What is the highest common divisor of c and 22?
22
Let k(z) = -3*z. Let y be k(-1). Let v(x) = -23*x - 571. Let g be v(-26). What is the greatest common factor of g and y?
3
Suppose -119 - 1 - 30 = -30*n. Let i be (-8)/32 + 5223/12. What is the greatest common divisor of n and i?
5
Let w(n) = 2*n - 69. Let v be w(43). Let j be 2 + (-10)/8 + 325/20. Calculate the greatest common divisor of v and j.
17
Let l = -255 - -255. Suppose a - 2*r = 15, l = 5*a + 8*r - 4*r - 103. Calculate the greatest common factor of a and 1.
1
Suppose 56*n = 116*n - 2160. What is the greatest common factor of n and 18?
18
Let i be (-84)/189*2955*-6. Calculate the highest common divisor of 16 and i.
8
Let w = -98819 - -98991. Let q = 174 - 45. What is the greatest common divisor of w and q?
43
Let k(d) = 171*d - 2011. Let t be k(31). What is the highest common divisor of 70 and t?
70
Let b be 8/((-48)/(-90))*6/9. Suppose -2301 - 949 = -b*n. Calculate the greatest common divisor of 13 and n.
13
Suppose 92 = 2*b + 36. Let q(v) = -v**3 - 12*v**2 - 2*v - 4. Let h be q(-12). Let f = h + -6. What is the highest common divisor of b and f?
14
Let i be 5/(1 - -4) - -386. Suppose 380*h = i*h - 70. What is the greatest common divisor of h and 320?
10
Let s = 10827 + -10242. Calculate the highest common divisor of s and 143.
13
Suppose 17*v - 3 = 14*v. Suppose -3*h + 10 = d, 2*h - d = 4*d + v. Let j be h/(-7) - 4/(-28)*178. Calculate the highest common divisor of j and 50.
25
Suppose 8 = 4*v + a - 23, -5*a + 36 = 3*v. Suppose v = -14*u - 91. Let z(q) = -q - 2. Let w be z(u). What is the highest common factor of w and 15?
5
Suppose 5*s - 119 = 101. Let l(i) = i**2 - 38*i - 64. Let z be l(41). Suppose -8*n - z + 147 = 0. What is the highest common factor of n and s?
11
Let x = -13 + 61. Let f(h) = -1666*h - 66624. Let m be f(-40). What is the highest common factor of m and x?
16
Let y = -12521 - -13641. Suppose 0 = -3*i - 4*h + 97, -4*h = i - 4*i + 113. Calculate the greatest common divisor of i and y.
35
Suppose -486 = -2*v - 2*f - 148, 4*v - 5*f = 667. Calculate the greatest common factor of 1120 and v.
56
Let n(j) = 45*j**2 + 19*j - 9. Let s be n(-6). Suppose 1238 + s = 5*a. Suppose 3*q = o + 1137 - 318, o + a = 2*q. What is the highest common factor of q and 34?
34
Let a be (-136)/(-102)*(-2)/((-4)/(-3)). Let j be (1*a)/((-732)/363 - -2). Let b = 8 + 3. Calculate the greatest common factor of b and j.
11
Suppose -38*m = -33*m + 4*x - 280, -m - 4*x + 40 = 0. Suppose -5*g - 5*r = -470, -5*g - 4*r + 9*r + 490 = 0. Calculate the highest common factor of m and g.
12
Let o be (0 + -560)/(43 - 45). Let x(w) = w**3 - 4*w**2 - 15*w - 2. Let b be x(7). Calculate the greatest common divisor of b and o.
40
Let b = 39 - 41. Let n be 4*(-2 - 21/b). Suppose -n = -5*i + 6. Calculate the greatest common divisor of i and 4.
4
Suppose -3*i + 2208 = 46*p - 48*p, p + 2208 = 3*i. Calculate the highest common factor of i and 920.
184
Suppose 0 = z - 2*z + 5*f + 44, -3*f = 2*z - 49. Suppose -6*o = -z + 11. What is the greatest common factor of o and 9?
3
Suppose -3*k + 107 = -46. Let j = -1971 + 2090. Calculate the greatest common divisor of k and j.
17
Suppose 44*l = 31*l + 1183. Suppose -83 = -3*m + 5*u, -10*m - 104 = -14*m + 5*u. What is the greatest common factor of l and m?
7
Suppose -u - 71 = -12. Let i = u + 62. Suppose -2*q + 2*h + 49 = -h, -83 = -4*q + i*h. Calculate the highest common divisor of q and 17.
17
Let z = 55 - 54. Suppose -5*k + 20 = f, -3*k = f - 11 + z. Calculate the greatest common factor of 5 and k.
5
Let o = -766 - -537. Let c be -2 - (o + 3 - 0). What is the highest common divisor of c and 14?
14
Suppose 4*f + 10 = -10, 0 = -3*a - 2*f + 65. Let k(p) = 5*p + 125. Let g be k(-27). Let t = g + a. Calculate the greatest common factor of t and 6.
3
Let y(t) = -t**2 + 16*t - 20. Let o = -389 + 403. Let r be y(o). Calculate the greatest common factor of 68 and r.
4
Let f(v) = -94*v + 2. Let g be f(-1). Let i be (60/16)/(2/g). Suppose -i = -23*s + 19*s. What is the greatest common divisor of 30 and s?
15
Suppose -4*c + 96 = 6*b - b, 5*b - 105 = 5*c. Calculate the highest common divisor of b and 35.
5
Suppose -5*u - 3*q = 3114, -q = -3*u - 439 - 1421. Let t be ((-3)/(-9))/((-9)/u). What is the highest common divisor of 207 and t?
23
Let o(v) = -v**3 + 11*v**2 + 14*v - 24. Let b be o(12). Suppose 2*u + 3*u - 4*p - 77 = b, 12 = -4*p. Calculate the highest common divisor of u and 13.
13
Let w be 4/(-22) + 285/55. Suppose 0 = -w*i + 44 + 96. Suppose 17*l + 2 = 478. Calculate the highest common divisor of i and l.
28
Suppose -1325 = -0*x - x - 4*i, 0 = 5*x + 4*i - 6721. What is the greatest common divisor of x and 497?
71
Let n be (48/(-64))/((-2)/112). Let i(x) = 3*x**2 + 21*x - 23. Let f be i(-18). Let z = f - 361. What is the highest common factor of z and n?
42
Let s(k) = 2*k**3 - 54*k**2 + 105*k - 37. Let v be s(25). Calculate the highest common factor of 11 and v.
11
Suppose 20 = -2*s - 8. Let c be -1*87/(-21) - (-2)/s. Calculate the highest common factor of c and 12.
4
Let f = -598 - -596. Let m be ((-2)/3)/f - 78905/(-129). What is the greatest common factor of 136 and m?
68
Suppose 3*a = 2*a - 3*m + 29, -181 = -5*a + 3*m. Suppose -a*x = -33*x - 306. What is the highest common divisor of x and 9?
9
Let l(s) = -s**3 + 6*s**2 - 9*s + 22. Let t = 731 - 727. Let d be l(t). Calculate the highest common divisor of d and 24.
6
Let r be (-6)/(-51) + (-7)/(-595)*8405. Calculate the highest common divisor of 4257 and r.
99
Suppose -4 = 6*u - 3040. Let g be ((-404)/(-6)*-1)/(64/(-96)). Let f = g - 55. Calculate the greatest common divisor of u and f.
46
Suppose 0 = -2*o - 4 - 4, -5*w - o = -371. Let f(h) = -3*h**2 - 60*h - 165. Let y be f(-15). Calculate the highest common factor of w and y.
15
Let x = -823 + 210. Let o = 665 + x. What is the greatest common factor of 390 and o?
26
Let b be 9/30*-4 + (-2928)/(-40). What is the greatest common factor of b and 256?
8
Let j = 2068 + -1847. What is the highest common divisor of j and 91?
13
Let o(b) = -2*b - 16. Let w be o(0). Let c be 108/w + 3/4. Let t be 18/c + 3*2. Calculate the greatest common divisor of 9 and t.
3
Let h be (782/12)/((-4)/(-84)*133/38). Calculate the highest common factor of 621 and h.
23
Let n = -18580 - -18739. Let l be 4/6 + (-628)/(-12). Calculate the greatest common divisor of l and n.
53
Let u = 17430 - 16130. Calculate the highest common divisor of u and 450.
50
Let a(k) = 4*k**3 + 8*k + 7*k**2 + 2*k**2 - 3*